pose 6*k - 10*k = w. Let m be ((-225)/10 + 3)/(3/k). Calculate the greatest common factor of m and 26.
26
Let q = 163 + -90. Let m = q - 69. Let v be (-4*(-4)/8)/2. What is the highest common factor of v and m?
1
Suppose 283 = 40*o + 3. What is the greatest common factor of o and 581?
7
Let q = 39229 - 7878. Calculate the greatest common divisor of q and 107.
107
Let u = 1 + 7. Let r be -1 + -1 - 48/12. Let a be (3*-2)/(r/u*1). Calculate the highest common factor of 40 and a.
8
Let b(g) = -7 + 8*g**3 - 4*g - 3 - 2*g**2 + 11*g**3 - 20*g**3. Let r be b(-5). What is the highest common divisor of 68 and r?
17
Let p be (-40)/6*((-3942)/36 - -33). What is the highest common factor of 18 and p?
6
Let w be 100/45 - (-2)/(-9). Suppose -w*r + 195 = -45. Let g be (-22 + -21 + 23)/(5/(-12)). Calculate the highest common factor of r and g.
24
Let q(x) = 23*x**3 + 3*x**2 + x + 1. Let v be q(-2). Let y = 49 + v. Let d = -67 - y. What is the highest common divisor of 19 and d?
19
Suppose -6775 = -6*r - 3199. Calculate the greatest common factor of r and 3725.
149
Let p be 10/(-25)*-1998 + 3/(-15). What is the highest common factor of 1739 and p?
47
Let b be -18 + (-6)/(-45) + (-17)/15. Let s be ((-351)/(-4) - 1) + b/(-76). Let n be (-288)/(-10) - 2/(-10). Calculate the highest common factor of n and s.
29
Let c be 177/18 + 2/12. Let o(v) = 5*v**2 + 4*v + 5. Let n be o(-5). What is the highest common factor of c and n?
10
Let y be 149/2 - (-3)/6. Let b = -39 + y. Suppose 4*u - 93 = 51. What is the greatest common divisor of u and b?
36
Let m(t) = -6*t + 69. Suppose 11*h + 12*h = -5*h. Let f be m(h). Calculate the highest common factor of f and 897.
69
Suppose -62 - 289 = -13*c. What is the greatest common divisor of c and 171?
9
Let r(i) = i - 29. Let m be r(11). Let n be (-102*m/(-135))/((-2)/10). Calculate the highest common divisor of n and 476.
68
Let m(k) = 4*k - 238. Let y(j) = 12*j - 716. Let g(d) = 11*m(d) - 4*y(d). Let u be g(-40). What is the greatest common factor of 28 and u?
14
Let u = 11 - 11. Suppose u*b + b = 10. Let d = -1360 - -1365. What is the greatest common divisor of b and d?
5
Let d = -186 - -191. Suppose 6 = 2*n - 5*n, d*z - 3*n = 101. Let c = -384 - -593. Calculate the highest common factor of z and c.
19
Let k = 30 - 36. Let j(m) = 15*m + 13. Let r be j(k). Let v = 85 + r. What is the greatest common factor of v and 28?
4
Suppose 5*n + 23 = 13. Let v be n - (-8 + -3) - (-1 - -2). Suppose -122 = 4*d - 346. What is the highest common divisor of d and v?
8
Let i(k) = 15*k + 196. Let m be i(-7). Suppose 266 = 21*w - m. Let s = 130 - -23. Calculate the highest common divisor of w and s.
17
Suppose -294397 = -121*x - 29044. Calculate the greatest common divisor of x and 129.
129
Let u(i) = -i**2 - 4*i + 10. Let d be u(4). Let f = d - -42. Let t be (0 + f/(-8))*-10. What is the greatest common factor of t and 125?
25
Let g(v) = -15*v - 189. Let x be g(-12). Let f(n) = -15*n - 35. Let a be f(x). Calculate the highest common divisor of 30 and a.
10
Let w(v) = 10*v**3 + 5*v**2 + 4*v - 51. Let d be w(8). What is the greatest common divisor of d and 39?
39
Suppose -3*p - 81 = -39. Let m(x) = -x**2 + 24*x - 48. Let t be m(20). Let q = t + p. Calculate the greatest common divisor of 126 and q.
18
Suppose -370*a = -38062 - 13738. What is the highest common factor of 5340 and a?
20
Let k be 3*(-4)/16*-4. Suppose p + 9*b = 4*b + 138, -5*b = k*p - 434. Let n = -92 + p. What is the highest common divisor of 7 and n?
7
Let g(c) = -c**2 + 3 + 4 - 6 - 3*c**2 + c**3 + c. Let m be g(4). Suppose 1218*z = 1198*z + 200. Calculate the highest common divisor of z and m.
5
Suppose 2*y = -2*o + 16, 2*y = -3*o + 3 + 16. Suppose -3*u + 12 = -4*j, -o*u - j + 16 = 4. What is the highest common divisor of u and 52?
4
Suppose 0 = -4*a - 1 + 13. Suppose 20*n - 2*n = 432. What is the greatest common divisor of a and n?
3
Suppose -4*s + 43 = -21. Calculate the greatest common factor of s and 1136.
16
Suppose 4*o - 3*d = 6614 - 1099, 0 = -5*o - 3*d + 6860. What is the greatest common factor of 209 and o?
11
Let d be 242/6 - 16/12. Let k = d + -23. Suppose -4*f - 224 = -3*t, -t = -6*t + 3*f + 388. Calculate the greatest common factor of t and k.
16
Let l(y) = y**2 + 6*y - 17. Let x be (-6)/(-33) - (128/(-22) + 2). Let p be l(x). Calculate the highest common divisor of 184 and p.
23
Suppose 25*d = -14*d + 1872. Calculate the greatest common factor of 348 and d.
12
Let r(b) = b**3 + 23*b**2 - 75*b - 966. Let l be r(-23). What is the highest common factor of l and 1311?
69
Let z(c) = c**2 + 2*c - 1. Let v be z(4). Let d = 305 + -329. Let p = -1 - d. What is the highest common divisor of p and v?
23
Suppose -4*l + 31*g = 28*g - 43048, 3*l - 32297 = 5*g. Calculate the greatest common factor of 812 and l.
203
Suppose 2*j - 672 = 5*z - 224, -5*j + 1120 = 5*z. Calculate the highest common factor of 728 and j.
56
Let l = 829 - 555. Suppose -4*x + 259 = 3*g, -7*g + x - l = -10*g. Calculate the greatest common divisor of 527 and g.
31
Suppose 371448 = -0*r + 77*r. What is the highest common divisor of r and 27?
9
Let c be 5/(-3 - 56/(-20)). Let i = c - -29. Suppose -i*d + r + 26 = 2*r, -3*r = 3*d - 15. Calculate the highest common divisor of 1 and d.
1
Suppose 16*c - 138 = 13*c. Let l(j) = j**3 - 43*j**2 - 137*j - 34. Let k be l(c). What is the highest common factor of 384 and k?
12
Let q = 1093 + -774. Let w(b) = b**2 + 25*b + 29. Let v be w(-25). What is the greatest common factor of v and q?
29
Let k = 53 - 52. Let j be (-54)/((k/(-2))/(1/4)). Let i = 955 + -658. What is the highest common factor of j and i?
27
Let a(r) = 2*r**2 + 4*r - 30. Let v be a(-5). Suppose -2*q = -4*q + 3*j + 197, 3*q + j - 279 = v. Calculate the highest common divisor of q and 423.
47
Let d = -60 - -121. Suppose 0 = 4*p + 1228*b - 1229*b - 2682, p - 681 = -5*b. What is the greatest common divisor of d and p?
61
Let z be 2 - (-2)/((-2)/(-19)). Suppose 4*f = -19*f + 4*f + 266. What is the highest common divisor of z and f?
7
Let a be 2/(-7) + 6678/49 + -6. Let l = a + -102. Let t(k) = 3*k**2 - 3*k + 1. Let s be t(2). What is the greatest common divisor of s and l?
7
Suppose 63*s = 62*s - 2, 0 = -5*x + 4*s + 10543. What is the highest common factor of x and 215?
43
Let a be (-39)/((-741)/(-190)) + (-3108)/(-2). Calculate the greatest common divisor of 2 and a.
2
Let n be 1/(-7) + 20/(-98)*(-35 - 0). Suppose 3*q = 2*j + 4, 6*q = -2*j + 7*q. Calculate the highest common factor of n and j.
1
Let o = -35164 + 37873. What is the highest common divisor of o and 1449?
63
Let i(s) = -33*s + 113. Let m be i(-62). What is the greatest common factor of m and 508?
127
Let n be -5*2*-2*2/20. Suppose -2*f = -5*u + 21, -10 = 4*f + n. Suppose 38 = u*h - 37. What is the highest common factor of h and 275?
25
Suppose 50 = -24*v + 146. Suppose 2*j = -4*m + 174 + 12, v*j = 4*m - 180. Calculate the greatest common factor of 115 and m.
23
Let d(t) = -t**3 + 15*t**2 - 21*t - 104. Let q be d(12). Let y(x) = x**3 + 5*x**2 - 20*x + 12. Let r be y(8). Calculate the greatest common factor of r and q.
76
Let t = -51 + 91. Suppose -5998 = -5*a - 2*f, a + 2*f = -2*f + 1196. Suppose 7*j = 19*j - a. What is the greatest common factor of t and j?
20
Suppose -3*t + 287 = t - 5*h, 3*t = -5*h + 224. Let a(l) = l**2 + 50*l - 129. Let z be a(-55). Calculate the greatest common factor of t and z.
73
Suppose -62*g + 107*g = 8910. What is the highest common divisor of 306 and g?
18
Let z(x) be the second derivative of -5*x**3/6 + 7*x**2 - 4*x. Let k be z(6). Let f = k - -21. What is the highest common factor of f and 1?
1
Let j(i) = 419*i - 1187. Let w be j(3). What is the highest common factor of w and 2135?
35
Let s(w) = -w**3 - 24*w**2 - 61*w + 16. Let t be s(-22). Let y be -35*((1 - -4) + t/(-75)). What is the highest common factor of y and 707?
7
Let u(w) = -37*w**3 - 2*w**2 - w. Let o = -13 + 33. Let z = -21 + o. Let i be u(z). What is the greatest common factor of i and 90?
18
Let o = 495 - 486. Suppose o*j = 658 - 172. What is the highest common divisor of 36 and j?
18
Suppose 11*i = 9929 + 3491. What is the greatest common factor of i and 120?
20
Let k = -967 + 1444. Suppose 0 = -30*g + 27*g + 159. Calculate the greatest common factor of